 of 4118 and 58.
58
What is the greatest common factor of 538 and 21789?
269
What is the greatest common divisor of 153 and 102?
51
Calculate the greatest common factor of 13 and 169.
13
Calculate the highest common factor of 1064 and 336.
56
What is the greatest common factor of 27 and 6939?
27
What is the greatest common factor of 35 and 77?
7
Calculate the greatest common divisor of 234 and 54.
18
What is the highest common factor of 28 and 13818?
14
Calculate the greatest common factor of 5056 and 320.
64
What is the greatest common divisor of 23651 and 335?
67
Calculate the highest common divisor of 19 and 4237.
19
What is the greatest common factor of 23 and 11132?
23
Calculate the greatest common factor of 164 and 205.
41
What is the greatest common factor of 75 and 725?
25
Calculate the highest common divisor of 2527 and 7.
7
Calculate the highest common factor of 238 and 259.
7
What is the highest common factor of 81 and 66?
3
What is the greatest common factor of 1404 and 540?
108
What is the greatest common factor of 1 and 23?
1
Calculate the greatest common factor of 288 and 96.
96
Calculate the greatest common divisor of 2420 and 20.
20
Calculate the greatest common factor of 870 and 1200.
30
What is the greatest common divisor of 800 and 240?
80
What is the greatest common divisor of 182 and 1183?
91
What is the highest common factor of 180 and 5490?
90
What is the greatest common divisor of 136 and 51?
17
Calculate the highest common factor of 289 and 17.
17
Calculate the greatest common factor of 13 and 1625.
13
Calculate the highest common divisor of 23750 and 190.
190
Calculate the greatest common divisor of 105 and 1785.
105
What is the highest common divisor of 91 and 28210?
91
Calculate the highest common divisor of 496 and 31.
31
What is the highest common factor of 880 and 4620?
220
Calculate the greatest common divisor of 270 and 140.
10
Calculate the greatest common divisor of 6990 and 210.
30
What is the greatest common factor of 7 and 224?
7
What is the greatest common factor of 4 and 34?
2
Calculate the greatest common factor of 40 and 130.
10
Calculate the highest common divisor of 837 and 81.
27
Calculate the highest common factor of 30 and 735.
15
Calculate the highest common divisor of 30 and 2010.
30
What is the greatest common divisor of 380 and 2375?
95
What is the greatest common factor of 22 and 4?
2
What is the highest common factor of 111 and 592?
37
Calculate the highest common factor of 3328 and 448.
64
Calculate the highest common factor of 12 and 244.
4
What is the greatest common factor of 847 and 154?
77
Calculate the greatest common factor of 2835 and 225.
45
What is the highest common factor of 423 and 517?
47
Calculate the greatest common factor of 4321 and 783.
29
Calculate the highest common divisor of 33 and 264.
33
What is the greatest common divisor of 10 and 1675?
5
Calculate the highest common divisor of 60 and 132.
12
What is the highest common divisor of 14 and 721?
7
Calculate the highest common divisor of 34 and 22406.
34
Calculate the highest common divisor of 4860 and 260.
20
Calculate the greatest common factor of 84 and 98.
14
What is the highest common factor of 54 and 1737?
9
Calculate the greatest common factor of 30 and 4695.
15
Calculate the highest common factor of 238 and 442.
34
What is the highest common factor of 96 and 60?
12
What is the highest common divisor of 78 and 273?
39
Calculate the highest common factor of 68 and 34.
34
What is the highest common divisor of 308 and 70?
14
What is the highest common factor of 6657 and 147?
21
What is the greatest common factor of 862 and 2?
2
What is the greatest common divisor of 30 and 138?
6
What is the greatest common factor of 170 and 2890?
170
What is the highest common divisor of 98 and 560?
14
Calculate the highest common divisor of 3058 and 418.
22
What is the greatest common divisor of 2 and 149?
1
What is the greatest common divisor of 1276 and 52?
4
Calculate the greatest common factor of 16 and 808.
8
What is the highest common factor of 22 and 4994?
22
Calculate the greatest common factor of 4 and 1124.
4
What is the highest common factor of 10 and 1910?
10
What is the greatest common factor of 810 and 30?
30
Calculate the greatest common divisor of 30830 and 10.
10
What is the greatest common factor of 432 and 504?
72
Calculate the highest common divisor of 8 and 10232.
8
Calculate the highest common divisor of 128 and 112.
16
What is the highest common factor of 104 and 128?
8
Calculate the highest common divisor of 65807 and 79.
79
What is the highest common divisor of 469 and 402?
67
Calculate the greatest common factor of 5736 and 24.
24
What is the greatest common factor of 39 and 3?
3
Calculate the highest common factor of 324 and 48.
12
What is the highest common divisor of 871 and 13?
13
Calculate the greatest common factor of 2696 and 8.
8
What is the greatest common divisor of 14 and 1750?
14
What is the highest common divisor of 3 and 8?
1
Calculate the highest common factor of 3629 and 2101.
191
Calculate the greatest common divisor of 578 and 646.
34
What is the highest common factor of 3725 and 275?
25
Calculate the greatest common divisor of 8 and 23.
1
What is the highest common divisor of 4002 and 138?
138
What is the highest common divisor of 1271 and 82?
41
Calculate the highest common divisor of 4420 and 34.
34
What is the greatest common factor of 225 and 15?
15
Calculate the highest common factor of 3129 and 298.
149
Calculate the greatest common divisor of 465 and 31.
31
What is the highest common divisor of 7 and 7?
7
Calculate the greatest common divisor of 961 and 31.
31
Calculate the greatest common factor of 88 and 1078.
22
What is the highest common divisor of 27 and 27?
27
What is the greatest common factor of 849 and 12?
3
What is the highest common divisor of 460 and 736?
92
Calculate the greatest common factor of 60 and 3280.
20
Calculate the highest common factor of 64 and 26.
2
Calculate the highest common divisor of 6517 and 7.
7
What is the greatest common factor of 205 and 451?
41
What is the highest common factor of 640 and 20096?
128
Calculate the greatest common factor of 18 and 1152.
18
Calculate the highest common factor of 56 and 896.
56
Calculate the greatest common divisor of 1394 and 82.
82
What is the greatest common factor of 40 and 16?
8
What is the highest common divisor of 10 and 60?
10
Calculate the greatest common factor of 13044 and 12.
12
Calculate the highest common divisor of 3682 and 7.
7
Calculate the highest common factor of 248 and 434.
62
Calculate the highest common divisor of 8745 and 22.
11
What is the greatest common factor of 7 and 86471?
7
Calculate the highest common factor of 2673 and 2277.
99
What is the highest common divisor of 29 and 899?
29
What is the highest common divisor of 69 and 299?
23
What is the greatest common factor of 119 and 34?
17
What is the greatest common factor of 462 and 1056?
66
What is the highest common factor of 34 and 7633?
17
Calculate the highest common factor of 441 and 18.
9
Calculate the highest common divisor of 33 and 16709.
11
What is the greatest common factor of 208 and 1430?
26
What is the greatest common divisor of 44 and 28?
4
Calculate the greatest common factor of 1896 and 24.
24
What is the highest common factor of 42 and 126?
42
Calculate the greatest common factor of 198 and 88.
22
Calculate the greatest common divisor of 517 and 11.
11
Calculate the greatest common factor of 1639 and 1490.
149
Calculate the highest common factor of 12942 and 18.
18
What is the greatest common factor of 72 and 18?
18
Calculate the greatest common factor of 148 and 28.
4
Calculate the highest common divisor of 12 and 144.
12
What is the greatest common divisor of 795 and 885?
15
Calculate the highest common divisor of 48 and 1440.
48
Calculate the highest common factor of 2667 and 21.
21
What is the highest common factor of 10 and 46?
2
Calculate the highest common factor of 36401 and 89.
89
Calculate the greatest common divisor of 24 and 136.
8
Calculate the greatest common factor of 671 and 1647.
61
What is the highest common divisor of 47 and 7379?
47
What is the highest common divisor of 45 and 540?
45
What